n 604614 is divided by 180.
174
Calculate the remainder when 11999 is divided by 118.
81
Calculate the remainder when 4582 is divided by 693.
424
Calculate the remainder when 863646 is divided by 10532.
22
Calculate the remainder when 1501 is divided by 110.
71
What is the remainder when 119025 is divided by 91?
88
What is the remainder when 8192 is divided by 99?
74
Calculate the remainder when 3725 is divided by 106.
15
What is the remainder when 20361 is divided by 4065?
36
What is the remainder when 2747 is divided by 22?
19
What is the remainder when 14437 is divided by 4805?
22
What is the remainder when 50134 is divided by 12523?
42
What is the remainder when 37902 is divided by 545?
297
What is the remainder when 492 is divided by 194?
104
What is the remainder when 13255 is divided by 3515?
2710
Calculate the remainder when 6259 is divided by 224.
211
Calculate the remainder when 464439 is divided by 22.
19
What is the remainder when 234121 is divided by 313?
310
Calculate the remainder when 40556 is divided by 1448.
12
What is the remainder when 1023922 is divided by 679?
669
Calculate the remainder when 947414 is divided by 19.
17
What is the remainder when 324486 is divided by 65?
6
What is the remainder when 713401 is divided by 119?
115
What is the remainder when 31070 is divided by 758?
750
Calculate the remainder when 2602 is divided by 77.
61
What is the remainder when 5822 is divided by 218?
154
Calculate the remainder when 8510 is divided by 8510.
0
Calculate the remainder when 129420 is divided by 353.
222
What is the remainder when 869 is divided by 329?
211
Calculate the remainder when 24829 is divided by 24816.
13
What is the remainder when 397 is divided by 5?
2
Calculate the remainder when 57578 is divided by 19106.
260
What is the remainder when 1410 is divided by 915?
495
Calculate the remainder when 3331 is divided by 341.
262
Calculate the remainder when 10525 is divided by 3507.
4
What is the remainder when 1005383 is divided by 257?
256
Calculate the remainder when 10882 is divided by 22.
14
Calculate the remainder when 24812 is divided by 57.
17
Calculate the remainder when 17942 is divided by 473.
441
Calculate the remainder when 50015 is divided by 142.
31
Calculate the remainder when 27458 is divided by 60.
38
What is the remainder when 4862 is divided by 330?
242
What is the remainder when 17538 is divided by 90?
78
What is the remainder when 48594 is divided by 48579?
15
What is the remainder when 11610 is divided by 141?
48
What is the remainder when 64004 is divided by 12?
8
Calculate the remainder when 2886972 is divided by 131.
125
Calculate the remainder when 9685 is divided by 717.
364
What is the remainder when 8886 is divided by 227?
33
What is the remainder when 107529 is divided by 63?
51
Calculate the remainder when 854128 is divided by 2005.
2003
Calculate the remainder when 9173 is divided by 833.
10
What is the remainder when 24273 is divided by 61?
56
What is the remainder when 19957 is divided by 312?
301
Calculate the remainder when 62607 is divided by 15641.
43
Calculate the remainder when 807 is divided by 131.
21
What is the remainder when 3140421 is divided by 14?
11
Calculate the remainder when 44514 is divided by 1489.
1333
What is the remainder when 2679 is divided by 92?
11
What is the remainder when 300 is divided by 184?
116
What is the remainder when 61015 is divided by 81?
22
Calculate the remainder when 297 is divided by 205.
92
What is the remainder when 12770 is divided by 11?
10
What is the remainder when 21991 is divided by 5495?
11
What is the remainder when 100537 is divided by 34?
33
What is the remainder when 2676 is divided by 693?
597
Calculate the remainder when 37418 is divided by 105.
38
Calculate the remainder when 28426 is divided by 138.
136
What is the remainder when 65860 is divided by 360?
340
What is the remainder when 1016 is divided by 453?
110
What is the remainder when 18807 is divided by 114?
111
What is the remainder when 53332 is divided by 226?
222
Calculate the remainder when 6379 is divided by 299.
100
Calculate the remainder when 267623 is divided by 756.
755
Calculate the remainder when 8830 is divided by 161.
136
Calculate the remainder when 18375 is divided by 216.
15
What is the remainder when 4047 is divided by 806?
17
What is the remainder when 13999 is divided by 4632?
103
What is the remainder when 2941 is divided by 971?
28
Calculate the remainder when 12634 is divided by 4115.
289
Calculate the remainder when 254151 is divided by 20.
11
Calculate the remainder when 9356 is divided by 234.
230
What is the remainder when 11279 is divided by 5617?
45
Calculate the remainder when 1724 is divided by 238.
58
Calculate the remainder when 105149 is divided by 939.
920
Calculate the remainder when 32371 is divided by 6472.
11
Calculate the remainder when 27287 is divided by 22.
7
Calculate the remainder when 118486 is divided by 666.
604
What is the remainder when 3009 is divided by 356?
161
What is the remainder when 13561 is divided by 6780?
1
What is the remainder when 6836 is divided by 45?
41
Calculate the remainder when 1597 is divided by 463.
208
What is the remainder when 18618 is divided by 4572?
330
Calculate the remainder when 3156297 is divided by 54.
51
What is the remainder when 151892 is divided by 51?
14
What is the remainder when 27407 is divided by 26?
3
Calculate the remainder when 15049 is divided by 29.
27
Calculate the remainder when 28975 is divided by 69.
64
What is the remainder when 15310 is divided by 15195?
115
What is the remainder when 81375 is divided by 18?
15
Calculate the remainder when 9253 is divided by 4602.
49
Calculate the remainder when 49933 is divided by 11.
4
What is the remainder when 38021 is divided by 792?
5
What is the remainder when 412045 is divided by 208?
205
What is the remainder when 4799 is divided by 49?
46
What is the remainder when 41664 is divided by 328?
8
Calculate the remainder when 8413 is divided by 138.
133
Calculate the remainder when 29161 is divided by 4164.
13
What is the remainder when 35922 is divided by 142?
138
What is the remainder when 67201 is divided by 3952?
17
Calculate the remainder when 131942 is divided by 32979.
26
Calculate the remainder when 2957 is divided by 66.
53
Calculate the remainder when 2035348 is divided by 30.
28
What is the remainder when 296 is divided by 224?
72
Calculate the remainder when 119 is divided by 14.
7
What is the remainder when 14435 is divided by 378?
71
Calculate the remainder when 30360 is divided by 330.
0
Calculate the remainder when 6144 is divided by 16.
0
Calculate the remainder when 1414597 is divided by 550.
547
What is the remainder when 4054 is divided by 504?
22
Calculate the remainder when 2307 is divided by 106.
81
Calculate the remainder when 5584 is divided by 927.
22
What is the remainder when 1204 is divided by 11?
5
Calculate the remainder when 970068 is divided by 3.
0
Calculate the remainder when 868 is divided by 747.
121
Calculate the remainder when 63065 is divided by 21020.
5
What is the remainder when 727742 is divided by 181934?
6
Calculate the remainder when 618 is divided by 212.
194
Calculate the remainder when 41752 is divided by 971.
970
What is the remainder when 36584 is divided by 33?
20
Calculate the remainder when 4120 is divided by 2032.
56
What is the remainder when 59042 is divided by 14678?
330
What is the remainder when 18049 is divided by 564?
1
What is the remainder when 35198 is divided by 1955?
8
Calculate the remainder when 3271 is divided by 13.
8
Calculate the remainder when 6512 is divided by 6501.
11
Calculate the remainder when 251559 is divided by 19.
18
Calculate the remainder when 7400 is divided by 9.
2
Calculate the remainder when 1757 is divided by 1518.
239
Calculate the remainder when 11931 is divided by 225.
6
What is the remainder when 32579 is divided by 206?
31
Calculate the remainder when 194554 is divided by 8842.
30
What is the remainder when 5316 is divided by 190?
186
What is the remainder when 87303 is divided by 46?
41
Calculate the remainder when 3517 is divided by 130.
7
What is the remainder when 3037 is divided by 337?
4
Calculate the remainder when 278766 